{"id":13,"date":"2022-02-05T03:43:57","date_gmt":"2022-02-05T03:43:57","guid":{"rendered":"https:\/\/tvrcomunicaciones.com.mx\/telecable_romita\/?page_id=13"},"modified":"2025-09-29T19:05:12","modified_gmt":"2025-09-29T19:05:12","slug":"contacto","status":"publish","type":"page","link":"https:\/\/tvrcomunicaciones.com.mx\/telecable_romita\/contacto\/","title":{"rendered":"Centro de Atenci\u00f3n y Contacto"},"content":{"rendered":"\n<div class=\"wp-block-columns alignfull is-layout-flex wp-container-core-columns-is-layout-28f84493 wp-block-columns-is-layout-flex\">\n<div class=\"wp-block-column is-layout-flow wp-block-column-is-layout-flow\">\n<center><iframe src=\"https:\/\/www.google.com\/maps\/embed?pb=!1m18!1m12!1m3!1d3727.9872616284815!2d-101.52111138621615!3d20.872563686083193!2m3!1f0!2f0!3f0!3m2!1i1024!2i768!4f13.1!3m3!1m2!1s0x842b855c2cabb447%3A0x2ca18af8ded96401!2sValle%203%2C%20Zona%20Centro%2C%2036200%20Romita%2C%20Gto.!5e0!3m2!1ses-419!2smx!4v1644099102596!5m2!1ses-419!2smx\" width=\"600\" height=\"450\" style=\"border:0;\" allowfullscreen=\"\" loading=\"lazy\"><\/iframe><\/center>\n\n\n\n<p class=\"has-text-align-center\">                                                         Horario de Oficina de Lunes a Viernes de 9:30 am &#8211; 5:30 pm y S\u00e1bados de 9:00 am &#8211; 14:00 pm<\/p>\n\n\n\n<h4 class=\"wp-block-heading has-text-align-center\">                                                                                 Oficinas<\/h4>\n\n\n\n<p class=\"has-text-align-center\">                                                                          Leandro Valle 3 int. 7-8&nbsp; Centro C.P. 36200, Romita ,Gto.&nbsp; M\u00e9xico<\/p>\n\n\n\n<h4 class=\"wp-block-heading has-text-align-center\">                                                                                  Ll\u00e1manos<\/h4>\n\n\n\n<p class=\"has-text-align-center\">Tel de Oficina: 432 745 3271<\/p>\n\n\n\n<h4 class=\"wp-block-heading has-text-align-center\">                                                                                   Quejas y Reparaciones<\/h4>\n\n\n\n<p class=\"has-text-align-center\">Tel\u00e9fono: 432 108 7399,, disponible de lunes a viernes de 9:00 am a 5:30 pm y s\u00e1bados de 9:00 am a 2:00 pm<\/p>\n\n\n\n<p class=\"has-text-align-center\">                461 252 4303, disponible las 24 horas, los 365 Dias del a\u00f1o<\/p>\n\n\n\n<p class=\"has-text-align-center\"><br> Correo Electr\u00f3nico: atencionaclientes@tvrcomunicaciones.com.mx , disponible las 24 horas del dia los 365 dias del a\u00f1o.<br> <\/p>\n<\/div>\n<\/div>\n\n\n\n<div class=\"wp-block-columns container is-layout-flex wp-container-core-columns-is-layout-28f84493 wp-block-columns-is-layout-flex\">\n<div class=\"wp-block-column is-vertically-aligned-center is-layout-flow wp-block-column-is-layout-flow\">\n<h2 class=\"wp-block-heading hestia-title\" id=\"envianos-un-mensaje\">Envianos un Mensaje<\/h2>\n\n\n\n<div style=\"height:40px\" aria-hidden=\"true\" class=\"wp-block-spacer\"><\/div>\n\n\n\n<div class=\"contact-wrapper\">\n\t\t\t\t\t\t\t\t\t\t\t\t\t\t\t\t\t\t\t<div class=\"content\">\n\t\t\t\n\t\t\t  <form>\n\t\t\t   <div class=\"form-group\">\n\t\t\t    <input type=\"text\" id=\"fname\" name=\"firstname\" placeholder=\"Tu Nombre ...\">\n\t\t\t<\/div>\n\t\t\t<div class=\"form-group\">\n\t\t\t    <input type=\"text\" id=\"lname\" name=\"lastname\" placeholder=\"Tu Telefono\">\n\t\t\t<\/div>\n\t\t\t<div class=\"form-group\">\n\t\t\t    <textarea id=\"subject\" name=\"subject\" placeholder=\"Escribe tu Mensaje..\" style=\"height:200px\"><\/textarea>\n\t\t\t<\/div>\n\t\t\t    <input type=\"submit\" value=\"Enviar\">\n\t\t\t\n\t\t\t  <\/form>\n\t\t\t<\/div>\n\t\t\t<\/div>\n<\/div>\n\n\n\n<div class=\"wp-block-column is-vertically-aligned-center is-layout-flow wp-block-column-is-layout-flow\">\n<div class=\"wp-block-columns is-layout-flex wp-container-core-columns-is-layout-28f84493 wp-block-columns-is-layout-flex\">\n<div class=\"wp-block-column is-layout-flow wp-block-column-is-layout-flow\"><\/div>\n\n\n\n<div class=\"wp-block-column is-layout-flow wp-block-column-is-layout-flow\" style=\"flex-basis:50%\">\n<h4 class=\"wp-block-heading has-text-align-left hestia-title has-text-color\" id=\"oficina\" style=\"color:#3c4858;font-size:18px\"><img decoding=\"async\" class=\"wp-image-86\" style=\"width: 25px;\" src=\"https:\/\/tvrcomunicaciones.com.mx\/telecable_romita\/wp-content\/themes\/hestia\/assets\/img\/contact1.png\" alt=\"Map icon\">  <strong>Oficina<\/strong><\/h4>\n\n\n\n<p class=\"has-text-align-left has-text-color\" style=\"color:#999999;font-size:14px\">Leandro Valle Int 3-8<br>Centro Cp 36200<br>Romita Gto. Mexico<\/p>\n\n\n\n<div style=\"height:40px\" aria-hidden=\"true\" class=\"wp-block-spacer\"><\/div>\n\n\n\n<h4 class=\"wp-block-heading has-text-align-left hestia-title has-text-color\" id=\"telefono\" style=\"color:#3c4858;font-size:18px\"><img decoding=\"async\" class=\"wp-image-98\" style=\"width: 25px;\" src=\"https:\/\/tvrcomunicaciones.com.mx\/telecable_romita\/wp-content\/themes\/hestia\/assets\/img\/contact2.png\" alt=\"\"> <strong><strong>Telefono<\/strong><\/strong>  Centro de Atenci\u00f3n <\/h4>\n\n\n\n<p class=\"has-text-align-left has-text-color\" style=\"color:#999999;font-size:14px\">Tel. Oficina<br>432 745 3271&nbsp;<br>Lunes &#8211; Viernes, 9:30-17:30 Sabado , 9:00-14:00<\/p>\n\n\n\n<p><\/p>\n\n\n\n<div style=\"height:40px\" aria-hidden=\"true\" class=\"wp-block-spacer\"><\/div>\n<\/div>\n\n\n\n<div class=\"wp-block-column is-layout-flow wp-block-column-is-layout-flow\"><\/div>\n<\/div>\n<\/div>\n<\/div>\n\n\n\n<p><\/p>\n\n\n\n<pre class=\"wp-block-preformatted\"><\/pre>\n","protected":false},"excerpt":{"rendered":"<p>Horario de Oficina de Lunes a Viernes de 9:30 am &#8211; 5:30 pm y S\u00e1bados de 9:00 am &#8211; 14:00 pm Oficinas Leandro Valle 3 int. 7-8&nbsp; Centro C.P. 36200, Romita ,Gto.&nbsp; M\u00e9xico Ll\u00e1manos Tel de Oficina: 432 745 3271 Quejas y Reparaciones Tel\u00e9fono: 432 108 7399,, disponible de lunes [&hellip;]<\/p>\n","protected":false},"author":1,"featured_media":5,"parent":0,"menu_order":0,"comment_status":"closed","ping_status":"closed","template":"page-templates\/template-pagebuilder-full-width.php","meta":{"footnotes":""},"class_list":["post-13","page","type-page","status-publish","has-post-thumbnail","hentry"],"_links":{"self":[{"href":"https:\/\/tvrcomunicaciones.com.mx\/telecable_romita\/wp-json\/wp\/v2\/pages\/13","targetHints":{"allow":["GET"]}}],"collection":[{"href":"https:\/\/tvrcomunicaciones.com.mx\/telecable_romita\/wp-json\/wp\/v2\/pages"}],"about":[{"href":"https:\/\/tvrcomunicaciones.com.mx\/telecable_romita\/wp-json\/wp\/v2\/types\/page"}],"author":[{"embeddable":true,"href":"https:\/\/tvrcomunicaciones.com.mx\/telecable_romita\/wp-json\/wp\/v2\/users\/1"}],"replies":[{"embeddable":true,"href":"https:\/\/tvrcomunicaciones.com.mx\/telecable_romita\/wp-json\/wp\/v2\/comments?post=13"}],"version-history":[{"count":14,"href":"https:\/\/tvrcomunicaciones.com.mx\/telecable_romita\/wp-json\/wp\/v2\/pages\/13\/revisions"}],"predecessor-version":[{"id":373,"href":"https:\/\/tvrcomunicaciones.com.mx\/telecable_romita\/wp-json\/wp\/v2\/pages\/13\/revisions\/373"}],"wp:featuredmedia":[{"embeddable":true,"href":"https:\/\/tvrcomunicaciones.com.mx\/telecable_romita\/wp-json\/wp\/v2\/media\/5"}],"wp:attachment":[{"href":"https:\/\/tvrcomunicaciones.com.mx\/telecable_romita\/wp-json\/wp\/v2\/media?parent=13"}],"curies":[{"name":"wp","href":"https:\/\/api.w.org\/{rel}","templated":true}]}}